{"id":18050,"date":"2021-02-06T17:41:48","date_gmt":"2021-02-06T16:41:48","guid":{"rendered":"https:\/\/blog.dataprius.com\/?p=18050"},"modified":"2025-08-13T12:59:57","modified_gmt":"2025-08-13T10:59:57","slug":"almacenamiento-en-la-nube-y-trabajo-directo-en-cloud-la-intranet-cloud-para-la-empresa","status":"publish","type":"page","link":"https:\/\/dataprius.com\/blog\/almacenamiento-en-la-nube-y-trabajo-directo-en-cloud-la-intranet-cloud-para-la-empresa\/","title":{"rendered":"Almacenamiento en la nube y trabajo directo en cloud. La Intranet Cloud para la empresa."},"content":{"rendered":"\n<p>Dataprius es una <a href=\"https:\/\/dataprius.com\/blog\/una-intranet-que-es-y-para-que-sirve-en-la-empresa\/\" target=\"_blank\" rel=\"noreferrer noopener\">intranet en cloud<\/a> espa\u00f1ola muy valorada por las empresas para almacenar y trabajar de forma segura con sus documentos corporativos.<\/p>\n\n\n\n<p><strong>Una alternativa diferenciada a <a href=\"https:\/\/workspace.google.com\/intl\/es\/features\/?utm_source=google&amp;utm_medium=cpc&amp;utm_campaign=emea-es-all-es-dr-bkws-all-super-trial-e-t1-1009147&amp;utm_content=text-ad-none-none-DEV_c-CRE_471133295451-ADGP_Hybrid+%7C+AW+SEM+%7C+BKWS+~+EXA_1:1_ES_ES_G+Suite_GSB03_google+suite-KWID_43700014542812228-kwd-36417445044-userloc_9047063&amp;utm_term=KW_google%20suite-g&amp;ds_rl=1244687&amp;ds_rl=1259922&amp;gclid=Cj0KCQiAlsv_BRDtARIsAHMGVSa_NulqBVP33lVqCsIvKdtY2aY6DEMbafk4km_MGElJg9cBogIYAxAaAlrTEALw_wcB&amp;gclsrc=aw.ds\">Google Workspace<\/a>, <a href=\"https:\/\/www.microsoft.com\/es-es\/microsoft-365\/sharepoint\/collaboration\">Microsoft Sharepoint<\/a>, <a href=\"https:\/\/www.microsoft.com\/es-es\/microsoft-365\/onedrive\/online-cloud-storage\">Onedrive<\/a>, <a href=\"https:\/\/www.dropbox.com\/business\/landing-t61fl?_tk=paid_sem_goog_biz_b&amp;_camp=1033325408&amp;_kw=dropbox|e&amp;_ad=447615499570||c&amp;gclid=Cj0KCQiAlsv_BRDtARIsAHMGVSaCh9uFqv0ebVJrqijIJYm_-2u9M-Yd7tczAqmLJzWqlUVIjmrfnUwaApPEEALw_wcB\">Dropbox<\/a>, etc. dise\u00f1ada desde su origen para el teletrabajo y la gesti\u00f3n de contenidos en la empresa.<\/strong><\/p>\n\n\n\n<p class=\"has-background\" style=\"background-color:#f3edac\">Se considera una Intranet a aquel sistema privado que permite compartir en la empresas ciertos recursos, como son los archivos, entre sus usuarios de una forma controlada y centralizada. <\/p>\n\n\n\n<p>Se trata de un lugar seguro donde subir, almacenar, compartir y trabajar con los documentos desde cualquier dispositivo y en cualquier momento.<\/p>\n\n\n\n<p>Pensado para empresas de todos los tama\u00f1os, <strong>Dataprius es una plataforma basada en la nube, donde administradores y empleados, podr\u00e1n editar y compartir documentos<\/strong> de forma totalmente segura con colaboradores y clientes de la compa\u00f1\u00eda.<\/p>\n\n\n\n<p>Una intranet en la nube que supera los l\u00edmites de la empresa y mejora las prestaciones que habitualmente proporcionan las intranets tradicionales.<\/p>\n\n\n\n<h2 class=\"wp-block-heading\">La soluci\u00f3n avanzada m\u00e1s adecuada para una empresa.<\/h2>\n\n\n\n<p><strong>Sin sincronizar, sin limitaciones de espacio de almacenamiento y sin conflicto de archivos<\/strong>, Dataprius es el \u00fanico sistema business que firma los contratos de la actual normativa europea vigente, RGPD para salvaguardar de la manera m\u00e1s segura los documentos de su empresa y sus clientes.<\/p>\n\n\n\n<p><strong>Basada en la idea del teletrabajo desde su origen<\/strong>, uno de los pilares fundamentales de la plataforma es que la documentaci\u00f3n, debe siempre estar centralizada.<\/p>\n\n\n\n<p>Adem\u00e1s, se considera fundamental que tanto el acceso de los usuarios a la misma, como todo el trabajo que se realice sobre ella, ha de ser controlado por el administrador de la compa\u00f1\u00eda siempre que sea necesario. <\/p>\n\n\n\n<p>Por esta raz\u00f3n Dataprius guarda siempre un registro o historial de actividad sobre los documentos. <\/p>\n\n\n\n<figure class=\"wp-block-image size-large\"><a href=\"https:\/\/dataprius.com\/blog\/wp-content\/uploads\/2021\/02\/dataprius-desktop-1.png\"><img loading=\"lazy\" decoding=\"async\" width=\"1024\" height=\"576\" src=\"https:\/\/dataprius.com\/blog\/wp-content\/uploads\/2021\/02\/dataprius-desktop-1-1024x576.png\" alt=\"Escritorio Dataprius cloud\" class=\"wp-image-18242\" srcset=\"https:\/\/dataprius.com\/blog\/wp-content\/uploads\/2021\/02\/dataprius-desktop-1-1024x576.png 1024w, https:\/\/dataprius.com\/blog\/wp-content\/uploads\/2021\/02\/dataprius-desktop-1-300x169.png 300w, https:\/\/dataprius.com\/blog\/wp-content\/uploads\/2021\/02\/dataprius-desktop-1-768x432.png 768w, https:\/\/dataprius.com\/blog\/wp-content\/uploads\/2021\/02\/dataprius-desktop-1.png 1280w\" sizes=\"auto, (max-width: 1024px) 100vw, 1024px\" \/><\/a><\/figure>\n\n\n\n<h2 class=\"wp-block-heading\">Prestaciones m\u00e1s valoradas del sistema.<\/h2>\n\n\n\n<p>Adem\u00e1s del almacenamiento en la Nube, Dataprius proporciona otras funcionalidades a las empresas que para un trabajo eficaz.<\/p>\n\n\n\n<p>Entre otras, las m\u00e1s utilizadas por nuestros clientes son:<\/p>\n\n\n\n<ul class=\"wp-block-list\">\n<li><strong>Edici\u00f3n online de documentos<\/strong>, sin necesidad de tener instalada suite ofim\u00e1tica en el dispositivo.<\/li>\n\n\n\n<li><strong>Integraci\u00f3n de aplicaciones<\/strong> en el sistema para poder almacenar directamente en Dataprius aquellos documentos generados desde apps web. Por ejemplo cuando se trabaja con AEAT, seguridad social, etc.<\/li>\n\n\n\n<li><strong>Complemento Outlook<\/strong> para guardar directamente los adjuntos de su email a golpe de click, sin tener que descargar y subir el documento a la nube.<\/li>\n\n\n\n<li><strong>Firma digital de documentos pdf<\/strong> desde la plataforma. Si dispone de certificado digital, podr\u00e1 firmar digitalmente sin salir de Dataprius en tan s\u00f3lo 2 clicks de rat\u00f3n.<\/li>\n\n\n\n<li><strong>Compartir ficheros<\/strong> con sus clientes y colaboradores. Podr\u00e1 compartir documentos y enviarlos por email seguro desde el propio sistema, por email o por enlace siempre bajo el esquema de seguridad.<\/li>\n<\/ul>\n\n\n\n<p>Con Dataprius, la empresa ganar\u00e1 eficacia, control, y seguridad, adem\u00e1s de la capacidad de poder teletrabajar siempre que sea necesario desde cualquier lugar y en cualquier momento.<\/p>\n\n\n\n<p><\/p>\n","protected":false},"excerpt":{"rendered":"<p>Dataprius es una intranet en cloud espa\u00f1ola muy valorada por las empresas para almacenar y trabajar de forma segura con sus documentos corporativos. Una alternativa diferenciada a Google Workspace, Microsoft Sharepoint, Onedrive, Dropbox, etc. dise\u00f1ada desde su origen para el teletrabajo y la gesti\u00f3n de contenidos en la empresa. Se considera una Intranet a aquel [&hellip;]<\/p>\n","protected":false},"author":3,"featured_media":18242,"parent":0,"menu_order":0,"comment_status":"open","ping_status":"closed","template":"","meta":{"footnotes":""},"class_list":["post-18050","page","type-page","status-publish","has-post-thumbnail","hentry"],"blocksy_meta":{"styles_descriptor":{"styles":{"desktop":"","tablet":"","mobile":""},"google_fonts":[],"version":6}},"yoast_head":"<!-- This site is optimized with the Yoast SEO plugin v27.3 - https:\/\/yoast.com\/product\/yoast-seo-wordpress\/ -->\n<title>Almacenamiento en la nube y trabajo directo en cloud para la empresa.<\/title>\n<meta name=\"description\" content=\"Dataprius es una intranet en cloud espa\u00f1ola muy valorada por las empresas para almacenar y trabajar de forma segura con sus documentos corporativos.\" \/>\n<meta name=\"robots\" content=\"index, follow, max-snippet:-1, max-image-preview:large, max-video-preview:-1\" \/>\n<link rel=\"canonical\" href=\"https:\/\/dataprius.com\/blog\/almacenamiento-en-la-nube-y-trabajo-directo-en-cloud-la-intranet-cloud-para-la-empresa\/\" \/>\n<meta property=\"og:locale\" content=\"es_ES\" \/>\n<meta property=\"og:type\" content=\"article\" \/>\n<meta property=\"og:title\" content=\"Almacenamiento en la nube y trabajo directo en cloud para la empresa.\" \/>\n<meta property=\"og:description\" content=\"Dataprius es una intranet en cloud espa\u00f1ola muy valorada por las empresas para almacenar y trabajar de forma segura con sus documentos corporativos.\" \/>\n<meta property=\"og:url\" content=\"https:\/\/dataprius.com\/blog\/almacenamiento-en-la-nube-y-trabajo-directo-en-cloud-la-intranet-cloud-para-la-empresa\/\" \/>\n<meta property=\"og:site_name\" content=\"Blog Dataprius\" \/>\n<meta property=\"article:modified_time\" content=\"2025-08-13T10:59:57+00:00\" \/>\n<meta property=\"og:image\" content=\"https:\/\/dataprius.com\/blog\/wp-content\/uploads\/2021\/02\/dataprius-desktop-1.png\" \/>\n\t<meta property=\"og:image:width\" content=\"1280\" \/>\n\t<meta property=\"og:image:height\" content=\"720\" \/>\n\t<meta property=\"og:image:type\" content=\"image\/png\" \/>\n<meta name=\"twitter:card\" content=\"summary_large_image\" \/>\n<meta name=\"twitter:label1\" content=\"Tiempo de lectura\" \/>\n\t<meta name=\"twitter:data1\" content=\"3 minutos\" \/>\n<script type=\"application\/ld+json\" class=\"yoast-schema-graph\">{\"@context\":\"https:\\\/\\\/schema.org\",\"@graph\":[{\"@type\":\"WebPage\",\"@id\":\"https:\\\/\\\/dataprius.com\\\/blog\\\/almacenamiento-en-la-nube-y-trabajo-directo-en-cloud-la-intranet-cloud-para-la-empresa\\\/\",\"url\":\"https:\\\/\\\/dataprius.com\\\/blog\\\/almacenamiento-en-la-nube-y-trabajo-directo-en-cloud-la-intranet-cloud-para-la-empresa\\\/\",\"name\":\"Almacenamiento en la nube y trabajo directo en cloud para la empresa.\",\"isPartOf\":{\"@id\":\"https:\\\/\\\/dataprius.com\\\/blog\\\/#website\"},\"primaryImageOfPage\":{\"@id\":\"https:\\\/\\\/dataprius.com\\\/blog\\\/almacenamiento-en-la-nube-y-trabajo-directo-en-cloud-la-intranet-cloud-para-la-empresa\\\/#primaryimage\"},\"image\":{\"@id\":\"https:\\\/\\\/dataprius.com\\\/blog\\\/almacenamiento-en-la-nube-y-trabajo-directo-en-cloud-la-intranet-cloud-para-la-empresa\\\/#primaryimage\"},\"thumbnailUrl\":\"https:\\\/\\\/dataprius.com\\\/blog\\\/wp-content\\\/uploads\\\/2021\\\/02\\\/dataprius-desktop-1.png\",\"datePublished\":\"2021-02-06T16:41:48+00:00\",\"dateModified\":\"2025-08-13T10:59:57+00:00\",\"description\":\"Dataprius es una intranet en cloud espa\u00f1ola muy valorada por las empresas para almacenar y trabajar de forma segura con sus documentos corporativos.\",\"breadcrumb\":{\"@id\":\"https:\\\/\\\/dataprius.com\\\/blog\\\/almacenamiento-en-la-nube-y-trabajo-directo-en-cloud-la-intranet-cloud-para-la-empresa\\\/#breadcrumb\"},\"inLanguage\":\"es\",\"potentialAction\":[{\"@type\":\"ReadAction\",\"target\":[\"https:\\\/\\\/dataprius.com\\\/blog\\\/almacenamiento-en-la-nube-y-trabajo-directo-en-cloud-la-intranet-cloud-para-la-empresa\\\/\"]}]},{\"@type\":\"ImageObject\",\"inLanguage\":\"es\",\"@id\":\"https:\\\/\\\/dataprius.com\\\/blog\\\/almacenamiento-en-la-nube-y-trabajo-directo-en-cloud-la-intranet-cloud-para-la-empresa\\\/#primaryimage\",\"url\":\"https:\\\/\\\/dataprius.com\\\/blog\\\/wp-content\\\/uploads\\\/2021\\\/02\\\/dataprius-desktop-1.png\",\"contentUrl\":\"https:\\\/\\\/dataprius.com\\\/blog\\\/wp-content\\\/uploads\\\/2021\\\/02\\\/dataprius-desktop-1.png\",\"width\":1280,\"height\":720},{\"@type\":\"BreadcrumbList\",\"@id\":\"https:\\\/\\\/dataprius.com\\\/blog\\\/almacenamiento-en-la-nube-y-trabajo-directo-en-cloud-la-intranet-cloud-para-la-empresa\\\/#breadcrumb\",\"itemListElement\":[{\"@type\":\"ListItem\",\"position\":1,\"name\":\"Portada\",\"item\":\"https:\\\/\\\/dataprius.com\\\/blog\\\/\"},{\"@type\":\"ListItem\",\"position\":2,\"name\":\"Almacenamiento en la nube y trabajo directo en cloud. La Intranet Cloud para la empresa.\"}]},{\"@type\":\"WebSite\",\"@id\":\"https:\\\/\\\/dataprius.com\\\/blog\\\/#website\",\"url\":\"https:\\\/\\\/dataprius.com\\\/blog\\\/\",\"name\":\"Blog Dataprius\",\"description\":\"Blog sobre almacenamiento y trabajo con archivos en la Nube. Sistemas en cloud.\",\"publisher\":{\"@id\":\"https:\\\/\\\/dataprius.com\\\/blog\\\/#organization\"},\"potentialAction\":[{\"@type\":\"SearchAction\",\"target\":{\"@type\":\"EntryPoint\",\"urlTemplate\":\"https:\\\/\\\/dataprius.com\\\/blog\\\/?s={search_term_string}\"},\"query-input\":{\"@type\":\"PropertyValueSpecification\",\"valueRequired\":true,\"valueName\":\"search_term_string\"}}],\"inLanguage\":\"es\"},{\"@type\":\"Organization\",\"@id\":\"https:\\\/\\\/dataprius.com\\\/blog\\\/#organization\",\"name\":\"Blog Dataprius\",\"url\":\"https:\\\/\\\/dataprius.com\\\/blog\\\/\",\"logo\":{\"@type\":\"ImageObject\",\"inLanguage\":\"es\",\"@id\":\"https:\\\/\\\/dataprius.com\\\/blog\\\/#\\\/schema\\\/logo\\\/image\\\/\",\"url\":\"https:\\\/\\\/dataprius.com\\\/blog\\\/wp-content\\\/uploads\\\/2025\\\/07\\\/quality-logo-dataprius-70.png\",\"contentUrl\":\"https:\\\/\\\/dataprius.com\\\/blog\\\/wp-content\\\/uploads\\\/2025\\\/07\\\/quality-logo-dataprius-70.png\",\"width\":70,\"height\":70,\"caption\":\"Blog Dataprius\"},\"image\":{\"@id\":\"https:\\\/\\\/dataprius.com\\\/blog\\\/#\\\/schema\\\/logo\\\/image\\\/\"}}]}<\/script>\n<!-- \/ Yoast SEO plugin. -->","yoast_head_json":{"title":"Almacenamiento en la nube y trabajo directo en cloud para la empresa.","description":"Dataprius es una intranet en cloud espa\u00f1ola muy valorada por las empresas para almacenar y trabajar de forma segura con sus documentos corporativos.","robots":{"index":"index","follow":"follow","max-snippet":"max-snippet:-1","max-image-preview":"max-image-preview:large","max-video-preview":"max-video-preview:-1"},"canonical":"https:\/\/dataprius.com\/blog\/almacenamiento-en-la-nube-y-trabajo-directo-en-cloud-la-intranet-cloud-para-la-empresa\/","og_locale":"es_ES","og_type":"article","og_title":"Almacenamiento en la nube y trabajo directo en cloud para la empresa.","og_description":"Dataprius es una intranet en cloud espa\u00f1ola muy valorada por las empresas para almacenar y trabajar de forma segura con sus documentos corporativos.","og_url":"https:\/\/dataprius.com\/blog\/almacenamiento-en-la-nube-y-trabajo-directo-en-cloud-la-intranet-cloud-para-la-empresa\/","og_site_name":"Blog Dataprius","article_modified_time":"2025-08-13T10:59:57+00:00","og_image":[{"width":1280,"height":720,"url":"https:\/\/dataprius.com\/blog\/wp-content\/uploads\/2021\/02\/dataprius-desktop-1.png","type":"image\/png"}],"twitter_card":"summary_large_image","twitter_misc":{"Tiempo de lectura":"3 minutos"},"schema":{"@context":"https:\/\/schema.org","@graph":[{"@type":"WebPage","@id":"https:\/\/dataprius.com\/blog\/almacenamiento-en-la-nube-y-trabajo-directo-en-cloud-la-intranet-cloud-para-la-empresa\/","url":"https:\/\/dataprius.com\/blog\/almacenamiento-en-la-nube-y-trabajo-directo-en-cloud-la-intranet-cloud-para-la-empresa\/","name":"Almacenamiento en la nube y trabajo directo en cloud para la empresa.","isPartOf":{"@id":"https:\/\/dataprius.com\/blog\/#website"},"primaryImageOfPage":{"@id":"https:\/\/dataprius.com\/blog\/almacenamiento-en-la-nube-y-trabajo-directo-en-cloud-la-intranet-cloud-para-la-empresa\/#primaryimage"},"image":{"@id":"https:\/\/dataprius.com\/blog\/almacenamiento-en-la-nube-y-trabajo-directo-en-cloud-la-intranet-cloud-para-la-empresa\/#primaryimage"},"thumbnailUrl":"https:\/\/dataprius.com\/blog\/wp-content\/uploads\/2021\/02\/dataprius-desktop-1.png","datePublished":"2021-02-06T16:41:48+00:00","dateModified":"2025-08-13T10:59:57+00:00","description":"Dataprius es una intranet en cloud espa\u00f1ola muy valorada por las empresas para almacenar y trabajar de forma segura con sus documentos corporativos.","breadcrumb":{"@id":"https:\/\/dataprius.com\/blog\/almacenamiento-en-la-nube-y-trabajo-directo-en-cloud-la-intranet-cloud-para-la-empresa\/#breadcrumb"},"inLanguage":"es","potentialAction":[{"@type":"ReadAction","target":["https:\/\/dataprius.com\/blog\/almacenamiento-en-la-nube-y-trabajo-directo-en-cloud-la-intranet-cloud-para-la-empresa\/"]}]},{"@type":"ImageObject","inLanguage":"es","@id":"https:\/\/dataprius.com\/blog\/almacenamiento-en-la-nube-y-trabajo-directo-en-cloud-la-intranet-cloud-para-la-empresa\/#primaryimage","url":"https:\/\/dataprius.com\/blog\/wp-content\/uploads\/2021\/02\/dataprius-desktop-1.png","contentUrl":"https:\/\/dataprius.com\/blog\/wp-content\/uploads\/2021\/02\/dataprius-desktop-1.png","width":1280,"height":720},{"@type":"BreadcrumbList","@id":"https:\/\/dataprius.com\/blog\/almacenamiento-en-la-nube-y-trabajo-directo-en-cloud-la-intranet-cloud-para-la-empresa\/#breadcrumb","itemListElement":[{"@type":"ListItem","position":1,"name":"Portada","item":"https:\/\/dataprius.com\/blog\/"},{"@type":"ListItem","position":2,"name":"Almacenamiento en la nube y trabajo directo en cloud. La Intranet Cloud para la empresa."}]},{"@type":"WebSite","@id":"https:\/\/dataprius.com\/blog\/#website","url":"https:\/\/dataprius.com\/blog\/","name":"Blog Dataprius","description":"Blog sobre almacenamiento y trabajo con archivos en la Nube. Sistemas en cloud.","publisher":{"@id":"https:\/\/dataprius.com\/blog\/#organization"},"potentialAction":[{"@type":"SearchAction","target":{"@type":"EntryPoint","urlTemplate":"https:\/\/dataprius.com\/blog\/?s={search_term_string}"},"query-input":{"@type":"PropertyValueSpecification","valueRequired":true,"valueName":"search_term_string"}}],"inLanguage":"es"},{"@type":"Organization","@id":"https:\/\/dataprius.com\/blog\/#organization","name":"Blog Dataprius","url":"https:\/\/dataprius.com\/blog\/","logo":{"@type":"ImageObject","inLanguage":"es","@id":"https:\/\/dataprius.com\/blog\/#\/schema\/logo\/image\/","url":"https:\/\/dataprius.com\/blog\/wp-content\/uploads\/2025\/07\/quality-logo-dataprius-70.png","contentUrl":"https:\/\/dataprius.com\/blog\/wp-content\/uploads\/2025\/07\/quality-logo-dataprius-70.png","width":70,"height":70,"caption":"Blog Dataprius"},"image":{"@id":"https:\/\/dataprius.com\/blog\/#\/schema\/logo\/image\/"}}]}},"_links":{"self":[{"href":"https:\/\/dataprius.com\/blog\/wp-json\/wp\/v2\/pages\/18050","targetHints":{"allow":["GET"]}}],"collection":[{"href":"https:\/\/dataprius.com\/blog\/wp-json\/wp\/v2\/pages"}],"about":[{"href":"https:\/\/dataprius.com\/blog\/wp-json\/wp\/v2\/types\/page"}],"author":[{"embeddable":true,"href":"https:\/\/dataprius.com\/blog\/wp-json\/wp\/v2\/users\/3"}],"replies":[{"embeddable":true,"href":"https:\/\/dataprius.com\/blog\/wp-json\/wp\/v2\/comments?post=18050"}],"version-history":[{"count":3,"href":"https:\/\/dataprius.com\/blog\/wp-json\/wp\/v2\/pages\/18050\/revisions"}],"predecessor-version":[{"id":25780,"href":"https:\/\/dataprius.com\/blog\/wp-json\/wp\/v2\/pages\/18050\/revisions\/25780"}],"wp:featuredmedia":[{"embeddable":true,"href":"https:\/\/dataprius.com\/blog\/wp-json\/wp\/v2\/media\/18242"}],"wp:attachment":[{"href":"https:\/\/dataprius.com\/blog\/wp-json\/wp\/v2\/media?parent=18050"}],"curies":[{"name":"wp","href":"https:\/\/api.w.org\/{rel}","templated":true}]}}