{"id":19961,"date":"2022-03-17T12:31:23","date_gmt":"2022-03-17T11:31:23","guid":{"rendered":"https:\/\/blog.dataprius.com\/?p=19961"},"modified":"2022-03-17T12:31:23","modified_gmt":"2022-03-17T11:31:23","slug":"kit-digital-lo-que-ursula-no-sabe","status":"publish","type":"page","link":"https:\/\/dataprius.com\/blog\/kit-digital-lo-que-ursula-no-sabe\/","title":{"rendered":"Kit Digital. Lo que \u00darsula no sabe."},"content":{"rendered":"\n<p><strong>Kit digital se ha torcido desvi\u00e1ndose de su intenci\u00f3n inicial<\/strong>. La presidenta de la comisi\u00f3n europea \u00darsula Von der Leyen, tiene en estos momentos demasiado trabajo con la guerra de Ucrania como para estar al tanto de esto.<\/p>\n\n\n\n<p>Kit Digital son subvenciones a cargo de los fondos Europeos Next Generation. <\/p>\n\n\n\n<p><strong>Unos fondos ideados, desde el primer momento, para la recuperaci\u00f3n de las econom\u00edas Europeas y el fortalecimiento de las infraestructuras digitales.<\/strong><\/p>\n\n\n\n<p>En numerosas ocasiones la presidenta ha hablado sobre la necesidad de impulsar el desarrollo digital en Europa, incluso acu\u00f1ando el t\u00e9rmino de <strong>Soberan\u00eda Digital Europea<\/strong>.<\/p>\n\n\n\n<p>Existen multitud de declaraciones p\u00fablicas, de informes de la comisi\u00f3n europea, de documentaci\u00f3n oficial sobre los planes de digitalizaci\u00f3n. Tantos, que es imposible entender que algunos no se hayan enterado.<\/p>\n\n\n\n<figure class=\"wp-block-image size-large\"><a href=\"https:\/\/dataprius.com\/blog\/wp-content\/uploads\/2022\/03\/ursula-von-der-leyen.jpg\"><img loading=\"lazy\" decoding=\"async\" width=\"1024\" height=\"593\" src=\"https:\/\/dataprius.com\/blog\/wp-content\/uploads\/2022\/03\/ursula-von-der-leyen-1024x593.jpg\" alt=\"\" class=\"wp-image-19967\" srcset=\"https:\/\/dataprius.com\/blog\/wp-content\/uploads\/2022\/03\/ursula-von-der-leyen-1024x593.jpg 1024w, https:\/\/dataprius.com\/blog\/wp-content\/uploads\/2022\/03\/ursula-von-der-leyen-300x174.jpg 300w, https:\/\/dataprius.com\/blog\/wp-content\/uploads\/2022\/03\/ursula-von-der-leyen-768x445.jpg 768w, https:\/\/dataprius.com\/blog\/wp-content\/uploads\/2022\/03\/ursula-von-der-leyen.jpg 1200w\" sizes=\"auto, (max-width: 1024px) 100vw, 1024px\" \/><\/a><\/figure>\n\n\n\n<h2 class=\"wp-block-heading\" style=\"font-size:clamp(16.293px, 1.018rem + ((1vw - 3.2px) * 0.68), 25px);\">La independencia digital europea. <\/h2>\n\n\n\n<p>Sencillamente consiste en que Europa desarrolle sus propios medios digitales para ser independientes de las grandes empresas de los Estados Unidos, las llamadas BigTech.<\/p>\n\n\n\n<p><strong>Este concepto, es  la base fundacional de los fondos. Los planes Next Generation son el origen y la fuente de d\u00f3nde surge Kit Digital, y por supuesto se basan en esto.<\/strong><\/p>\n\n\n\n<h2 class=\"wp-block-heading\" style=\"font-size:clamp(16.293px, 1.018rem + ((1vw - 3.2px) * 0.68), 25px);\">Lo que \u00darsula no sabe es que se van a comprar herramientas Google o Dropbox que son empresas de las Estados Unidos con Kit Digital<\/h2>\n\n\n\n<p><strong>Inyectar dinero p\u00fablico en empresas, que no lo necesitan en absoluto y que contravienen los principios fundacionales de los fondos puede calificarse como \u00abdarse un tiro en el pie\u00bb.<\/strong><\/p>\n\n\n\n<p>Pues esto est\u00e1 ocurriendo, apenas unos d\u00edas despu\u00e9s de ponerse Kit Digital en marcha.<\/p>\n\n\n\n<p>Lo hemos podido constatar visitando la lista de Agentes Digitalizadores y comprobando que se est\u00e1n ofreciendo productos de esta Bigtech de los Estados Unidos y adem\u00e1s cobrando unas cantidades absolutamente desorbitadas por su instalaci\u00f3n y  puesta en marcha.<\/p>\n\n\n\n<p>Para verlo, visite la web:<a href=\"https:\/\/www.acelerapyme.es\/kit-digital\/catalogo-digitalizadores\"> https:\/\/www.acelerapyme.es\/kit-digital\/catalogo-digitalizadores<\/a> Encontrar\u00e1 Agentes Digitalizadores que est\u00e1n haciendo esto.<\/p>\n\n\n\n<p>Hay que ponerse en el lugar de la industria digital espa\u00f1ola y como puede ver esta situaci\u00f3n. <\/p>\n\n\n\n<p>Para ellos, es como si ahora, buscando la independencia del gas ruso, se liberan fondos p\u00fablicos para buscar fuentes alternativas de energ\u00eda, entonces muchas empresas van y compran gas ruso con ese dinero p\u00fablico. <\/p>\n\n\n\n<p>Volvemos a reiterar que los fondos son dinero p\u00fablico, que los ciudadanos europeos pagan con sus impuestos, las empresas europeas del mundo digital pagan sus impuestos en europa y no usan para\u00edsos fiscales ni entramados societarios para mandar el dinero fuera. Eso lo hacen empresas como Google o Apple. Que dinero p\u00fablico acabe en as\u00ed no parece buena idea.<\/p>\n\n\n\n<h2 class=\"wp-block-heading\">\u00bfQu\u00e9 se podr\u00eda hacer?<\/h2>\n\n\n\n<ul class=\"wp-block-list\"><li>Paralizar Kit Digital. Evaluar si su aplicaci\u00f3n contraviene los principios de su fundamento en t\u00e9rminos de potenciar la industria digital Europea. Modificar la norma para que los proveedores tengan domicilio europeo y cumplan normas europeas.<\/li><li>No conceder el pago Kit Digital sobre productos o servicios de empresas ya sancionadas, con antecedentes y en procesos judiciales de la Uni\u00f3n Europea, caso de Google.<\/li><li>No conceder el pago por bono a productos de empresas como Dropbox que realiza transferencias de datos a Estados Unidos y que est\u00e1n en serios procesos de investigaci\u00f3n y judiciales.<\/li><li>No admitir productos o servicios que no correspondan a instalaciones, desarrollos e infraestructuras con sede 100% en Europa. Incluido almacenamiento de datos y cumplimiento RGPD.<\/li><li>Retirar la homologaci\u00f3n como Agente Digitalizador a todos los que ofrecen productos que contravienen los principios de soberan\u00eda digital. Pueden venderlos, por supuesto, pero no con subvenciones p\u00fablicas de unos fondos cuyo objetivo es diametralmente opuesto.<\/li><\/ul>\n\n\n\n<p>Enlaces:<\/p>\n\n\n\n<ul class=\"wp-block-list\"><li><a href=\"https:\/\/www.computerworld.es\/opinion\/fondos-next-generation-eu-y-la-industria-digital\">Fondos Next Generation EU y la industria digital<\/a><\/li><li><a href=\"https:\/\/aphaia.co.uk\/es\/2020\/07\/08\/soberania-digital-europea-ideas-para-una-ue-mas-fuerte\/\">Soberan\u00eda digital europea: ideas para una UE m\u00e1s fuerte.<\/a><\/li><li><a href=\"https:\/\/www.scl-consulting.com\/soberania-digital\/\">Soberan\u00eda Digital Europea<\/a><\/li><li><a href=\"https:\/\/revistabyte.es\/actualidad-it\/gaia-x-proyecto-europeo-la-nube\/e\">GAIA-X: el proyecto europeo para reconquistar la nube<\/a><\/li><\/ul>\n\n\n\n<p><\/p>\n\n\n\n<p><\/p>\n\n\n\n<p><\/p>\n","protected":false},"excerpt":{"rendered":"<p>Kit digital se ha torcido desvi\u00e1ndose de su intenci\u00f3n inicial. La presidenta de la comisi\u00f3n europea \u00darsula Von der Leyen, tiene en estos momentos demasiado trabajo con la guerra de Ucrania como para estar al tanto de esto. Kit Digital son subvenciones a cargo de los fondos Europeos Next Generation. Unos fondos ideados, desde el [&hellip;]<\/p>\n","protected":false},"author":1,"featured_media":19967,"parent":0,"menu_order":0,"comment_status":"open","ping_status":"closed","template":"","meta":{"footnotes":""},"class_list":["post-19961","page","type-page","status-publish","has-post-thumbnail","hentry"],"blocksy_meta":{"styles_descriptor":{"styles":{"desktop":"","tablet":"","mobile":""},"google_fonts":[],"version":6}},"yoast_head":"<!-- This site is optimized with the Yoast SEO plugin v27.3 - https:\/\/yoast.com\/product\/yoast-seo-wordpress\/ -->\n<title>Kit Digital. Lo que \u00darsula no sabe.<\/title>\n<meta name=\"robots\" content=\"index, follow, max-snippet:-1, max-image-preview:large, max-video-preview:-1\" \/>\n<link rel=\"canonical\" href=\"https:\/\/dataprius.com\/blog\/kit-digital-lo-que-ursula-no-sabe\/\" \/>\n<meta property=\"og:locale\" content=\"es_ES\" \/>\n<meta property=\"og:type\" content=\"article\" \/>\n<meta property=\"og:title\" content=\"Kit Digital. Lo que \u00darsula no sabe.\" \/>\n<meta property=\"og:description\" content=\"Kit digital se ha torcido desvi\u00e1ndose de su intenci\u00f3n inicial. La presidenta de la comisi\u00f3n europea \u00darsula Von der Leyen, tiene en estos momentos demasiado trabajo con la guerra de Ucrania como para estar al tanto de esto. Kit Digital son subvenciones a cargo de los fondos Europeos Next Generation. Unos fondos ideados, desde el [&hellip;]\" \/>\n<meta property=\"og:url\" content=\"https:\/\/dataprius.com\/blog\/kit-digital-lo-que-ursula-no-sabe\/\" \/>\n<meta property=\"og:site_name\" content=\"Blog Dataprius\" \/>\n<meta property=\"og:image\" content=\"https:\/\/dataprius.com\/blog\/wp-content\/uploads\/2022\/03\/ursula-von-der-leyen.jpg\" \/>\n\t<meta property=\"og:image:width\" content=\"1200\" \/>\n\t<meta property=\"og:image:height\" content=\"695\" \/>\n\t<meta property=\"og:image:type\" content=\"image\/jpeg\" \/>\n<meta name=\"twitter:card\" content=\"summary_large_image\" \/>\n<meta name=\"twitter:label1\" content=\"Tiempo de lectura\" \/>\n\t<meta name=\"twitter:data1\" content=\"3 minutos\" \/>\n<script type=\"application\/ld+json\" class=\"yoast-schema-graph\">{\"@context\":\"https:\\\/\\\/schema.org\",\"@graph\":[{\"@type\":\"WebPage\",\"@id\":\"https:\\\/\\\/dataprius.com\\\/blog\\\/kit-digital-lo-que-ursula-no-sabe\\\/\",\"url\":\"https:\\\/\\\/dataprius.com\\\/blog\\\/kit-digital-lo-que-ursula-no-sabe\\\/\",\"name\":\"Kit Digital. Lo que \u00darsula no sabe.\",\"isPartOf\":{\"@id\":\"https:\\\/\\\/dataprius.com\\\/blog\\\/#website\"},\"primaryImageOfPage\":{\"@id\":\"https:\\\/\\\/dataprius.com\\\/blog\\\/kit-digital-lo-que-ursula-no-sabe\\\/#primaryimage\"},\"image\":{\"@id\":\"https:\\\/\\\/dataprius.com\\\/blog\\\/kit-digital-lo-que-ursula-no-sabe\\\/#primaryimage\"},\"thumbnailUrl\":\"https:\\\/\\\/dataprius.com\\\/blog\\\/wp-content\\\/uploads\\\/2022\\\/03\\\/ursula-von-der-leyen.jpg\",\"datePublished\":\"2022-03-17T11:31:23+00:00\",\"breadcrumb\":{\"@id\":\"https:\\\/\\\/dataprius.com\\\/blog\\\/kit-digital-lo-que-ursula-no-sabe\\\/#breadcrumb\"},\"inLanguage\":\"es\",\"potentialAction\":[{\"@type\":\"ReadAction\",\"target\":[\"https:\\\/\\\/dataprius.com\\\/blog\\\/kit-digital-lo-que-ursula-no-sabe\\\/\"]}]},{\"@type\":\"ImageObject\",\"inLanguage\":\"es\",\"@id\":\"https:\\\/\\\/dataprius.com\\\/blog\\\/kit-digital-lo-que-ursula-no-sabe\\\/#primaryimage\",\"url\":\"https:\\\/\\\/dataprius.com\\\/blog\\\/wp-content\\\/uploads\\\/2022\\\/03\\\/ursula-von-der-leyen.jpg\",\"contentUrl\":\"https:\\\/\\\/dataprius.com\\\/blog\\\/wp-content\\\/uploads\\\/2022\\\/03\\\/ursula-von-der-leyen.jpg\",\"width\":1200,\"height\":695},{\"@type\":\"BreadcrumbList\",\"@id\":\"https:\\\/\\\/dataprius.com\\\/blog\\\/kit-digital-lo-que-ursula-no-sabe\\\/#breadcrumb\",\"itemListElement\":[{\"@type\":\"ListItem\",\"position\":1,\"name\":\"Portada\",\"item\":\"https:\\\/\\\/dataprius.com\\\/blog\\\/\"},{\"@type\":\"ListItem\",\"position\":2,\"name\":\"Kit Digital. Lo que \u00darsula no sabe.\"}]},{\"@type\":\"WebSite\",\"@id\":\"https:\\\/\\\/dataprius.com\\\/blog\\\/#website\",\"url\":\"https:\\\/\\\/dataprius.com\\\/blog\\\/\",\"name\":\"Blog Dataprius\",\"description\":\"Blog sobre almacenamiento y trabajo con archivos en la Nube. Sistemas en cloud.\",\"publisher\":{\"@id\":\"https:\\\/\\\/dataprius.com\\\/blog\\\/#organization\"},\"potentialAction\":[{\"@type\":\"SearchAction\",\"target\":{\"@type\":\"EntryPoint\",\"urlTemplate\":\"https:\\\/\\\/dataprius.com\\\/blog\\\/?s={search_term_string}\"},\"query-input\":{\"@type\":\"PropertyValueSpecification\",\"valueRequired\":true,\"valueName\":\"search_term_string\"}}],\"inLanguage\":\"es\"},{\"@type\":\"Organization\",\"@id\":\"https:\\\/\\\/dataprius.com\\\/blog\\\/#organization\",\"name\":\"Blog Dataprius\",\"url\":\"https:\\\/\\\/dataprius.com\\\/blog\\\/\",\"logo\":{\"@type\":\"ImageObject\",\"inLanguage\":\"es\",\"@id\":\"https:\\\/\\\/dataprius.com\\\/blog\\\/#\\\/schema\\\/logo\\\/image\\\/\",\"url\":\"https:\\\/\\\/dataprius.com\\\/blog\\\/wp-content\\\/uploads\\\/2025\\\/07\\\/quality-logo-dataprius-70.png\",\"contentUrl\":\"https:\\\/\\\/dataprius.com\\\/blog\\\/wp-content\\\/uploads\\\/2025\\\/07\\\/quality-logo-dataprius-70.png\",\"width\":70,\"height\":70,\"caption\":\"Blog Dataprius\"},\"image\":{\"@id\":\"https:\\\/\\\/dataprius.com\\\/blog\\\/#\\\/schema\\\/logo\\\/image\\\/\"}}]}<\/script>\n<!-- \/ Yoast SEO plugin. -->","yoast_head_json":{"title":"Kit Digital. Lo que \u00darsula no sabe.","robots":{"index":"index","follow":"follow","max-snippet":"max-snippet:-1","max-image-preview":"max-image-preview:large","max-video-preview":"max-video-preview:-1"},"canonical":"https:\/\/dataprius.com\/blog\/kit-digital-lo-que-ursula-no-sabe\/","og_locale":"es_ES","og_type":"article","og_title":"Kit Digital. Lo que \u00darsula no sabe.","og_description":"Kit digital se ha torcido desvi\u00e1ndose de su intenci\u00f3n inicial. La presidenta de la comisi\u00f3n europea \u00darsula Von der Leyen, tiene en estos momentos demasiado trabajo con la guerra de Ucrania como para estar al tanto de esto. Kit Digital son subvenciones a cargo de los fondos Europeos Next Generation. Unos fondos ideados, desde el [&hellip;]","og_url":"https:\/\/dataprius.com\/blog\/kit-digital-lo-que-ursula-no-sabe\/","og_site_name":"Blog Dataprius","og_image":[{"width":1200,"height":695,"url":"https:\/\/dataprius.com\/blog\/wp-content\/uploads\/2022\/03\/ursula-von-der-leyen.jpg","type":"image\/jpeg"}],"twitter_card":"summary_large_image","twitter_misc":{"Tiempo de lectura":"3 minutos"},"schema":{"@context":"https:\/\/schema.org","@graph":[{"@type":"WebPage","@id":"https:\/\/dataprius.com\/blog\/kit-digital-lo-que-ursula-no-sabe\/","url":"https:\/\/dataprius.com\/blog\/kit-digital-lo-que-ursula-no-sabe\/","name":"Kit Digital. Lo que \u00darsula no sabe.","isPartOf":{"@id":"https:\/\/dataprius.com\/blog\/#website"},"primaryImageOfPage":{"@id":"https:\/\/dataprius.com\/blog\/kit-digital-lo-que-ursula-no-sabe\/#primaryimage"},"image":{"@id":"https:\/\/dataprius.com\/blog\/kit-digital-lo-que-ursula-no-sabe\/#primaryimage"},"thumbnailUrl":"https:\/\/dataprius.com\/blog\/wp-content\/uploads\/2022\/03\/ursula-von-der-leyen.jpg","datePublished":"2022-03-17T11:31:23+00:00","breadcrumb":{"@id":"https:\/\/dataprius.com\/blog\/kit-digital-lo-que-ursula-no-sabe\/#breadcrumb"},"inLanguage":"es","potentialAction":[{"@type":"ReadAction","target":["https:\/\/dataprius.com\/blog\/kit-digital-lo-que-ursula-no-sabe\/"]}]},{"@type":"ImageObject","inLanguage":"es","@id":"https:\/\/dataprius.com\/blog\/kit-digital-lo-que-ursula-no-sabe\/#primaryimage","url":"https:\/\/dataprius.com\/blog\/wp-content\/uploads\/2022\/03\/ursula-von-der-leyen.jpg","contentUrl":"https:\/\/dataprius.com\/blog\/wp-content\/uploads\/2022\/03\/ursula-von-der-leyen.jpg","width":1200,"height":695},{"@type":"BreadcrumbList","@id":"https:\/\/dataprius.com\/blog\/kit-digital-lo-que-ursula-no-sabe\/#breadcrumb","itemListElement":[{"@type":"ListItem","position":1,"name":"Portada","item":"https:\/\/dataprius.com\/blog\/"},{"@type":"ListItem","position":2,"name":"Kit Digital. Lo que \u00darsula no sabe."}]},{"@type":"WebSite","@id":"https:\/\/dataprius.com\/blog\/#website","url":"https:\/\/dataprius.com\/blog\/","name":"Blog Dataprius","description":"Blog sobre almacenamiento y trabajo con archivos en la Nube. Sistemas en cloud.","publisher":{"@id":"https:\/\/dataprius.com\/blog\/#organization"},"potentialAction":[{"@type":"SearchAction","target":{"@type":"EntryPoint","urlTemplate":"https:\/\/dataprius.com\/blog\/?s={search_term_string}"},"query-input":{"@type":"PropertyValueSpecification","valueRequired":true,"valueName":"search_term_string"}}],"inLanguage":"es"},{"@type":"Organization","@id":"https:\/\/dataprius.com\/blog\/#organization","name":"Blog Dataprius","url":"https:\/\/dataprius.com\/blog\/","logo":{"@type":"ImageObject","inLanguage":"es","@id":"https:\/\/dataprius.com\/blog\/#\/schema\/logo\/image\/","url":"https:\/\/dataprius.com\/blog\/wp-content\/uploads\/2025\/07\/quality-logo-dataprius-70.png","contentUrl":"https:\/\/dataprius.com\/blog\/wp-content\/uploads\/2025\/07\/quality-logo-dataprius-70.png","width":70,"height":70,"caption":"Blog Dataprius"},"image":{"@id":"https:\/\/dataprius.com\/blog\/#\/schema\/logo\/image\/"}}]}},"_links":{"self":[{"href":"https:\/\/dataprius.com\/blog\/wp-json\/wp\/v2\/pages\/19961","targetHints":{"allow":["GET"]}}],"collection":[{"href":"https:\/\/dataprius.com\/blog\/wp-json\/wp\/v2\/pages"}],"about":[{"href":"https:\/\/dataprius.com\/blog\/wp-json\/wp\/v2\/types\/page"}],"author":[{"embeddable":true,"href":"https:\/\/dataprius.com\/blog\/wp-json\/wp\/v2\/users\/1"}],"replies":[{"embeddable":true,"href":"https:\/\/dataprius.com\/blog\/wp-json\/wp\/v2\/comments?post=19961"}],"version-history":[{"count":0,"href":"https:\/\/dataprius.com\/blog\/wp-json\/wp\/v2\/pages\/19961\/revisions"}],"wp:featuredmedia":[{"embeddable":true,"href":"https:\/\/dataprius.com\/blog\/wp-json\/wp\/v2\/media\/19967"}],"wp:attachment":[{"href":"https:\/\/dataprius.com\/blog\/wp-json\/wp\/v2\/media?parent=19961"}],"curies":[{"name":"wp","href":"https:\/\/api.w.org\/{rel}","templated":true}]}}